324993 composite?
False
Is 136709929 a prime number?
True
Is 74633462791 a composite number?
True
Is 1278780583 composite?
True
Is 21555801613 a prime number?
True
Is 927074383 a prime number?
True
Is 94078028717 a composite number?
True
Is 26410958681 a composite number?
False
Is 488756857 composite?
True
Is 16399541 composite?
False
Is 11881913 prime?
True
Is 1682059541 composite?
False
Is 4910182313 prime?
True
Is 1900546409 composite?
True
Is 47461889 prime?
True
Is 161811589129 a composite number?
False
Is 2864643917 composite?
False
Is 91878647977 a prime number?
True
Is 2926447421 a composite number?
False
Is 703754957 a prime number?
True
Is 26686494581 composite?
False
Is 5764654939 prime?
False
Is 36290036701 prime?
False
Is 306964894 composite?
True
Is 1406071193 prime?
False
Is 115983577 composite?
False
Is 6380283251 composite?
True
Is 9208814527 a composite number?
True
Is 50363034581 prime?
False
Is 1460452957 prime?
True
Is 175580591 a prime number?
False
Is 95202337667 a prime number?
False
Is 857540473 a prime number?
True
Is 13106178139 a composite number?
True
Is 11365924929 prime?
False
Is 184277377 composite?
True
Is 1340579417 a composite number?
False
Is 221946721783 a composite number?
False
Is 4004282791 a composite number?
False
Is 38170677379 a prime number?
True
Is 526596367 composite?
True
Is 9126521449 a prime number?
True
Is 425108221 a composite number?
False
Is 161757059757 a prime number?
False
Is 17582287 a prime number?
True
Is 10616428831 a prime number?
True
Is 7686239287 composite?
False
Is 11903727493 a prime number?
False
Is 729942223 composite?
False
Is 536845927 prime?
False
Is 5129588311 composite?
False
Is 61495193 a composite number?
True
Is 99986954167 prime?
True
Is 55367349535 prime?
False
Is 105993741503 composite?
True
Is 2021460521 composite?
True
Is 724945673 a composite number?
True
Is 88340264833 a composite number?
True
Is 11030564603 composite?
True
Is 23824964869 prime?
True
Is 179526373211 a prime number?
True
Is 254731823 prime?
True
Is 4729125377 composite?
False
Is 11404472501 prime?
True
Is 4983968579 prime?
False
Is 534470023 composite?
False
Is 3549774049 a composite number?
False
Is 1813179947 prime?
False
Is 89903831 prime?
True
Is 1171667 a prime number?
False
Is 2192941822 composite?
True
Is 2367340111 a prime number?
False
Is 344977333 a composite number?
True
Is 534406163 a composite number?
True
Is 108089453 a prime number?
False
Is 284057363 a prime number?
False
Is 189959521 prime?
True
Is 694842821 composite?
False
Is 54129256337 composite?
True
Is 44498934177 prime?
False
Is 14917406561 a prime number?
False
Is 14071100501 a composite number?
True
Is 1706029319 composite?
False
Is 13899159871 a prime number?
True
Is 15920663623 composite?
True
Is 12122749 prime?
False
Is 43414249313 prime?
True
Is 2094410491 prime?
True
Is 1047123361 a composite number?
True
Is 307228549 prime?
False
Is 2168096263 a prime number?
False
Is 58158092147 a composite number?
False
Is 467330353777 a composite number?
True
Is 220392970111 composite?
False
Is 32829817711 prime?
False
Is 4386942619 a composite number?
False
Is 1104401047 a prime number?
True
Is 73663118227 a prime number?
False
Is 139843349 a prime number?
True
Is 200416739 prime?
True
Is 2238917563 a prime number?
True
Is 124111303 a composite number?
False
Is 372975989 a prime number?
False
Is 20729312077 prime?
True
Is 49511415003 prime?
False
Is 466625053 prime?
True
Is 238663258 a prime number?
False
Is 84992915851 prime?
False
Is 808498459 composite?
True
Is 6026249083 a prime number?
True
Is 1255601251 prime?
False
Is 2427514015 a composite number?
True
Is 872540783 a composite number?
False
Is 778455047 a prime number?
True
Is 86132765891 composite?
False
Is 40615693291 prime?
True
Is 8667642827 a composite number?
True
Is 2841738013 a composite number?
True
Is 83850669139 prime?
True
Is 750098791 a composite number?
True
Is 5835093227 a prime number?
False
Is 18238050407 composite?
False
Is 17685231097 composite?
False
Is 1145326531 composite?
True
Is 6562538357 prime?
True
Is 21441651731 composite?
False
Is 87945821 prime?
True
Is 1887086843 composite?
False
Is 7031487973 a composite number?
False
Is 124403776197 a composite number?
True
Is 96124463167 composite?
False
Is 8787558433 prime?
True
Is 9740736527 composite?
False
Is 29903776361 composite?
True
Is 258815023 composite?
True
Is 418733617 a composite number?
False
Is 4969102339 a composite number?
False
Is 35187200893 prime?
False
Is 39077214593 composite?
False
Is 2937751283 prime?
False
Is 980168901 a composite number?
True
Is 562595039 prime?
False
Is 689672873 a composite number?
True
Is 51427452647 a prime number?
True
Is 1578685523 a composite number?
True
Is 7079100383 a composite number?
True
Is 7425229415 a prime number?
False
Is 195516486769 prime?
True
Is 230183827 a prime number?
True
Is 526927141 prime?
False
Is 26214803341 composite?
True
Is 278808253 a composite number?
True
Is 1595134553 a prime number?
True
Is 1044163433 composite?
False
Is 28071817303 a composite number?
True
Is 17841416774 composite?
True
Is 108596546733 a composite number?
True
Is 1446600167 a composite number?
True
Is 21711401 a composite number?
True
Is 14265689 prime?
True
Is 27431748571 composite?
True
Is 1075725633 a composite number?
True
Is 851278453 prime?
True
Is 11185627991 a composite number?
False
Is 454644629 a prime number?
False
Is 2027397913 a composite number?
False
Is 3143139607 composite?
False
Is 558719971 composite?
True
Is 117438761 a composite number?
True
Is 1405785863 composite?
False
Is 203766247 a prime number?
False
Is 9622003673 prime?
True
Is 114623849141 composite?
False
Is 38006540813 composite?
False
Is 5213035937 a prime number?
True
Is 22054847561 a composite number?
False
Is 685104482 prime?
False
Is 13403056253 a prime number?
True
Is 7247250005 composite?
True
Is 175064535337 composite?
False
Is 7323741989 a prime number?
True
Is 30039984911 a composite number?
False
Is 3301855177 composite?
False
Is 389916691 a composite number?
False
Is 3751292189 a composite number?
True
Is 39788507 composite?
True
Is 35028311891 a prime number?
True
Is 3019622447 composite?
True
Is 3889245851 composite?
True
Is 36781489751 composite?
True
Is 3438378617 a composite number?
False
Is 1211088793 composite?
False
Is 4851228799 a prime number?
True
Is 12968889623 prime?
True
Is 19766279123 a prime number?
True
Is 124414073165 composite?
True
Is 74799864823 prime?
True
Is 5582806079 prime?
True
Is 6231739627 prime?
True
Is 1524022667 a prime number?
True
Is 2371077571 composite?
False
Is 71096939 a prime number?
True
Is 9920645143 a prime number?
False
Is 993732349 prime?
True
Is 95745271 a composite number?
True
Is 1492905383 a prime number?
True
Is 119479522499 a composite number?
True
Is 46947620207 a prime number?
False
Is 7685401489 a composite number?
False
Is 34216743209 a composite number?
True
Is 257382337 prime?
False
Is 18027943 prime?
True
Is 694471259 composite?
False
Is 1754863645 prime?
False
Is 113685222179 a composite number?
True
Is 1118613337 prime?
False
Is 114712374019 prime?
False
Is 27226744099 composite?
True
Is 7363729649 a composite number?
True
Is 5659318297 prime?
True
Is 55412785135 prime?
False
Is 4114321909 prime?
False
Is 7853432051 composite?
True
Is 98334567607 a composite number?
True
Is 1515220409 prime?
False
Is 161790200389 a prime number?
False
Is 138292883 composite?
False
Is 4777594411 a prime number?
True
Is 73017841 composite?
True
Is 26875349 a prime number?
True
Is 4133350259 a composite number?
False
Is 9161781203 prime?
True
Is 1599460393 composite?
False
Is 33844696901 prime?
False
Is 17576659129 prime?
False
Is 159469457 prime?
False
Is 72191057 a prime number?
True
Is 3088885477 composite?
True
Is 37958419547 prime?
False
Is 232852531 composite?
True
Is 239915371 composite?
False
Is 784763509 a prime number?
True
Is 7050633413 composite?
False
Is 22136462897 a prime number?
False
Is 189425690567 a composite number?
True
Is 250722817043 prime?
True
Is 3455660813 prime?
False
Is 148927213 a composite number?
False
Is 32497689899 a prime number?
True
Is 1163900317 a prime number?
True
Is 5436186289 a com